e 8) to base 7
-340436
-abda0 (base 14) to base 3
-210012001122
What is -6031 (base 8) in base 9?
-4221
-2cd7f (base 16) to base 5
-21334204
Convert -25145005 (base 6) to base 11.
-501506
Convert -150150311 (base 6) to base 11.
-1823355
-16c200 (base 14) to base 13
-220b58
What is 156464 (base 7) in base 2?
111100110001000
Convert 4303003023 (base 5) to base 8.
42347726
What is aece57 (base 15) in base 3?
120201000212201
Convert -337386 (base 9) to base 10.
-202254
What is -577577 (base 8) in base 15?
-3d339
22400351 (base 6) to base 13
1ac6b3
Convert 11003318 (base 10) to base 16.
a7e5b6
Convert -89b6b (base 13) to base 11.
-160a93
Convert -1131310 (base 5) to base 6.
-240234
111111221120 (base 3) to base 15
53c66
What is 320341320 (base 5) in base 16?
147332
What is -100100000101110110 (base 2) in base 12?
-71672
Convert 140142202 (base 5) to base 15.
e0152
What is 36bac (base 15) in base 11?
10a335
What is 3692 (base 14) in base 10?
9536
What is -25641 (base 15) in base 14?
-317c4
What is 644514 (base 10) in base 15?
cae79
What is 101220220221001 (base 3) in base 5?
2441224344
-12013221 (base 4) to base 8
-60751
-404106 (base 7) to base 5
-4144110
Convert -23453420 (base 6) to base 15.
-e8b03
-112212010202 (base 3) to base 9
-485122
What is a4cdc0 (base 14) in base 12?
1a45b64
What is 77665 (base 10) in base 4?
102331201
What is -308143 (base 9) in base 10?
-183099
Convert 312234332 (base 5) to base 15.
1a732c
Convert 1060056 (base 7) to base 14.
361d6
Convert 8e0 (base 15) to base 7.
5601
What is 455334 (base 9) in base 8?
1025030
Convert 34431122 (base 5) to base 13.
ab98a
-100010000111011 (base 2) to base 13
-7c48
-341323 (base 6) to base 3
-1110120120
11a105 (base 14) to base 9
1120328
-115223255 (base 6) to base 9
-4140828
-2561331 (base 7) to base 14
-89b51
What is 122424163 (base 7) in base 8?
35347351
Convert 111111000111110001111 (base 2) to base 8.
7707617
What is 59cbb (base 14) in base 4?
311202131
Convert -2001222112212 (base 3) to base 6.
-35341252
What is -2023112 (base 4) in base 3?
-110020022
Convert 2a361 (base 16) to base 6.
3412241
2444a62 (base 11) to base 10
4252492
What is -6647715 (base 8) in base 14?
-348421
What is -17266615 (base 8) in base 2?
-1111010110110110001101
What is 21213123310 (base 4) in base 16?
2676f4
What is -187040 (base 9) in base 16?
-1c7c4
Convert -12012110112 (base 3) to base 10.
-102398
What is 232115 (base 8) in base 5?
10011200
203012032 (base 4) to base 6
3025314
Convert 12032b (base 13) to base 9.
723371
212011022210 (base 3) to base 10
455862
11726 (base 9) to base 5
223011
What is -514063 (base 7) in base 14?
-24033
What is 10011111100111010 (base 2) in base 14?
21ad4
What is -120010210101 (base 3) in base 16?
-48c19
Convert 1d223 (base 15) to base 12.
46b73
What is -527205 (base 10) in base 8?
-2005545
Convert -2363366 (base 9) to base 10.
-1281885
What is 332101011 (base 5) in base 6?
50514100
Convert 100110010011111000 (base 2) to base 12.
76988
Convert -351615 (base 8) to base 16.
-1d38d
Convert 338f3 (base 16) to base 4.
303203303
Convert 41005722 (base 8) to base 2.
100001000000101111010010
24332411 (base 6) to base 14
16226b
What is 474265 (base 8) in base 2?
100111100010110101
11213422000 (base 5) to base 3
212210010110010
What is 3332321000 (base 4) in base 5?
231402112
-4208604 (base 9) to base 10
-2250184
-100001111110010110111 (base 2) to base 13
-2cc953
What is 530755 (base 10) in base 15?
a73da
Convert -442 (base 12) to base 15.
-2bb
What is 21277a (base 12) in base 9?
876324
-101112012100200 (base 3) to base 10
-5593878
402348 (base 9) to base 10
237941
Convert -302644 (base 7) to base 12.
-25921
What is -134625 (base 10) in base 6?
-2515133
Convert 11120101021 (base 3) to base 2.
10101111101011000
What is 220013022 (base 6) in base 7?
45220445
6131984 (base 10) to base 6
335232452
46b69 (base 16) to base 7
2314302
Convert -110002102 (base 5) to base 13.
-135640
-295331 (base 13) to base 15
-14e912
Convert -a6d0 (base 14) to base 13.
-10153
Convert -13852273 (base 9) to base 12.
-237ba93
What is 134020322 (base 6) in base 2?
1010010101010100011010
Convert 323555 (base 6) to base 15.
7e08
Convert -132432 (base 10) to base 8.
-402520
Convert 1d9d6c (base 14) to base 15.
160667
What is 102313302312 (base 4) in base 2?
10010110111110010110110
56c412 (base 13) to base 16
1f5ae6
-15931c (base 13) to base 12
-219317
What is 100222212022 (base 3) in base 14?
519a2
Convert 1070807 (base 10) to base 3.
2000101212112
-3ab5 (base 16) to base 10
-15029
What is -30232023333 (base 4) in base 6?
-155251223
Convert 123e1 (base 15) to base 4.
32032111
Convert -2414e (base 15) to base 16.
-1c169
What is 1352554 (base 8) in base 14?
9d484
Convert 200718 (base 9) to base 4.
130332122
Convert 11001001010110001000001 (base 2) to base 13.
14a0082
7765240 (base 8) to base 4
13332222200
Convert -3330714 (base 9) to base 3.
-10101000210111
531c9c (base 15) to base 9
7387173
204502 (base 11) to base 12
139a01
Convert -9048 (base 16) to base 13.
-13a73
1010100101010111010111 (base 2) to base 9
5187783
142ec6 (base 16) to base 15
1b1d99
3475377 (base 9) to base 6
104145324
Convert 30132514 (base 6) to base 5.
204231334
-1101325125 (base 6) to base 15
-108a74b
Convert -50459 (base 12) to base 11.
-71421
What is 10000000100100101101 (base 2) in base 16?
8092d
Convert 231536 (base 11) to base 6.
11515412
What is 2221201210 (base 3) in base 6?
1125033
Convert 5cf3 (base 16) to base 2.
101110011110011
Convert -44307 (base 8) to base 4.
-10203013
What is -1057113 (base 9) in base 2?
-10001011000001100010
2b8763 (base 12) to base 3
1101122000010
What is -909bb (base 13) in base 8?
-771244
Convert 410542331 (base 6) to base 4.
122313133033
-49d8ca (base 14) to base 6
-130153334
Convert -29357d (base 16) to base 5.
-1142410134
-1000221100211110 (base 3) to base 5
-12300120044
What is a2a21 (base 11) in base 15?
2e805
What is -409856 (base 11) in base 3?
-1020101112012
Convert -1366c (base 13) to base 6.
-435504
578144 (base 13) to base 2
111111010011001010001
What is -101010100110111 (base 2) in base 14?
-7d43
Convert -43125605 (base 7) to base 8.
-16001326
What is 4a97c (base 16) in base 15?
607dc
2216164 (base 7) to base 2
1000010110000111010
Convert 3527155 (base 8) to base 12.
3a4979
Convert 8b3b10 (base 13) to base 6.
154325134
Convert -427156 (base 8) to base 4.
-202321232
What is 17dbb (base 14) in base 11?
41372
2c0453 (base 15) to base 9
4002006
What is -23001223100 (base 4) in base 2?
-1011000001101011010000
Convert 9655d (base 14) to base 6.
11441451
Convert 6d9152 (base 14) to base 13.
a1461a
Convert 2ba50c (base 14) to base 9.
2776154
What is 121102120111 (base 3) in base 9?
542514
Convert -142287 (base 13) to base 11.
-305480
Convert 1000111101101001011000 (base 2) to base 9.
4371108
-226831 (base 12) to base 10
-550693
455222 (base 6) to base 9
58135
968003 (base 13) to base 12
12231b2
302122033 (base 4) to base 10
206479
What is 113323023 (base 4) in base 8?
277313
What is 112061 (base 12) in base 8?
1025311
What is -6c90c (base 13) in base 8?
-605137
Convert 43344336 (base 7) to base 4.
32021130102
What is -102210112000 (base 3) in base 4?
-320230020
95293 (base 10) to base 15
1d37d
What is -1210012101221 (base 3) in base 12?
-399044
What is -1101011010010000101110 (base 2) in base 16?
-35a42e
Convert -655a885 (base 11) to base 2.
-101011111101000010010101
Convert 4706418 (base 9) to base 16.
26d0ce
What is 5134555 (base 7) in base 2?
10010101111000011000
What is 16b3c (base 16) in base 13?
3342c
What is -13481 (base 9) in base 2?
-10001110111001
What is -a367 (base 16) in base 5?
-2314311
Convert -11031312323 (base 4) to base 3.
-2120110211112
What is 50b232 (base 13) in base 12?
76866b
35540535 (base 6) to base 14
2112b1
Convert 20233a5 (base 11) to base 15.
4a9c35
What is 25153430 (base 6) in base 15?
10e713
What is -440536 (base 7) in base 11?
-52a25
Convert 86141 (base 10) to base 12.
41a25
What is -378262 (base 10) in base 7?
-3133543
Convert -36bbc8 (base 13) to base 12.
-532b23
Convert -46153 (base 15) to base 4.
-312131031
322301305 (base 6) to base 5
2430400224
Convert -44037 (base 14) to base 2.
-101000001101010001
10331331043 (base 5) to base 16
aae1b2
Convert -b8129d (base 15) 